{"id":93,"date":"2025-04-29T14:00:28","date_gmt":"2025-04-29T12:00:28","guid":{"rendered":"https:\/\/www.domainedelafermeblanche.com\/?post_type=product&#038;p=93"},"modified":"2025-07-18T16:48:43","modified_gmt":"2025-07-18T14:48:43","slug":"blanc-classique-ferme-blanche-aoc-cassis-2024-75cl","status":"publish","type":"product","link":"https:\/\/www.domainedelafermeblanche.com\/index.php\/produit\/blanc-classique-ferme-blanche-aoc-cassis-2024-75cl\/","title":{"rendered":"Blanc Classique Bio AOC Cassis 2024 75Cl"},"content":{"rendered":"<p>Ce blanc est n\u00e9 sous le signe de la richesse aromatique gr\u00e2ce \u00e0 un assemblage traditionnel de nos cinq c\u00e9pages cassidains. C\u2019est l\u2019exub\u00e9rant dela famille avec son nez d\u2019agr\u00fbmes et de pomme verte. Sa bouche vive et saline, ses notes anis\u00e9es en font un beau repr\u00e9sentant du style bord de mer.<\/p>\n<p><a href=\"https:\/\/www.domainedelafermeblanche.com\/wp-content\/uploads\/2025\/04\/Blanc-classique-2024.pdf\">Fiche technique<\/a><\/p>\n","protected":false},"excerpt":{"rendered":"<p><a href=\"https:\/\/www.domainedelafermeblanche.com\/wp-content\/uploads\/2025\/04\/AB_cert_HD.jpg\"><img loading=\"lazy\" decoding=\"async\" class=\"alignnone size-thumbnail wp-image-313\" src=\"https:\/\/www.domainedelafermeblanche.com\/wp-content\/uploads\/2025\/04\/AB_cert_HD-150x150.jpg\" alt=\"\" width=\"150\" height=\"150\" srcset=\"https:\/\/www.domainedelafermeblanche.com\/wp-content\/uploads\/2025\/04\/AB_cert_HD-150x150.jpg 150w, https:\/\/www.domainedelafermeblanche.com\/wp-content\/uploads\/2025\/04\/AB_cert_HD-300x300.jpg 300w, https:\/\/www.domainedelafermeblanche.com\/wp-content\/uploads\/2025\/04\/AB_cert_HD-100x100.jpg 100w\" sizes=\"auto, (max-width: 150px) 100vw, 150px\" \/><\/a><\/p>\n<p>Blanc Classique Bio AOC Cassis 2024 75cl<\/p>\n<p>&nbsp;<\/p>\n","protected":false},"featured_media":219,"comment_status":"open","ping_status":"closed","template":"","meta":[],"product_brand":[],"product_cat":[21,22,20],"product_tag":[],"class_list":{"0":"post-93","1":"product","2":"type-product","3":"status-publish","4":"has-post-thumbnail","6":"product_cat-aoc-cassis","7":"product_cat-blanc","8":"product_cat-vins","10":"first","11":"instock","12":"taxable","13":"shipping-taxable","14":"purchasable","15":"product-type-simple"},"_links":{"self":[{"href":"https:\/\/www.domainedelafermeblanche.com\/index.php\/wp-json\/wp\/v2\/product\/93","targetHints":{"allow":["GET"]}}],"collection":[{"href":"https:\/\/www.domainedelafermeblanche.com\/index.php\/wp-json\/wp\/v2\/product"}],"about":[{"href":"https:\/\/www.domainedelafermeblanche.com\/index.php\/wp-json\/wp\/v2\/types\/product"}],"replies":[{"embeddable":true,"href":"https:\/\/www.domainedelafermeblanche.com\/index.php\/wp-json\/wp\/v2\/comments?post=93"}],"wp:featuredmedia":[{"embeddable":true,"href":"https:\/\/www.domainedelafermeblanche.com\/index.php\/wp-json\/wp\/v2\/media\/219"}],"wp:attachment":[{"href":"https:\/\/www.domainedelafermeblanche.com\/index.php\/wp-json\/wp\/v2\/media?parent=93"}],"wp:term":[{"taxonomy":"product_brand","embeddable":true,"href":"https:\/\/www.domainedelafermeblanche.com\/index.php\/wp-json\/wp\/v2\/product_brand?post=93"},{"taxonomy":"product_cat","embeddable":true,"href":"https:\/\/www.domainedelafermeblanche.com\/index.php\/wp-json\/wp\/v2\/product_cat?post=93"},{"taxonomy":"product_tag","embeddable":true,"href":"https:\/\/www.domainedelafermeblanche.com\/index.php\/wp-json\/wp\/v2\/product_tag?post=93"}],"curies":[{"name":"wp","href":"https:\/\/api.w.org\/{rel}","templated":true}]}}